- 11. What is the units digit of w?
6
What is the units digit of (0 + -2 + -1)/((-39)/1079)?
3
Let x = -132 + 357. What is the tens digit of x?
2
Suppose -2*u + 9 - 1 = 0. Suppose 128 = u*q - 0*q. What is the tens digit of q?
3
Suppose 0 = 2*m + 5*y + 1 - 30, y - 7 = -m. Suppose -3*v - n = -118, -m*v - 2*n - 3*n + 70 = 0. Let s = v - 28. What is the units digit of s?
2
Let f(g) = -g**2 - 5*g. Let b be f(-3). Suppose 3*p - b = p. Suppose -p*n + 62 = 23. What is the tens digit of n?
1
Suppose q + 2*s - 9 = 0, 0 = -3*q - 0*s - 5*s + 27. Suppose -2*w - 4*l + q + 39 = 0, 72 = 5*w - 2*l. What is the units digit of w?
6
Let g be ((-3)/2)/(1/(-2)). Let y(v) = v**3 - 3*v**2 - 3*v - 3. Let p be y(g). What is the tens digit of (-164)/p + 2/(-3)?
1
Suppose 28 = -2*i + 8. Let d = i + 18. What is the units digit of d?
8
What is the tens digit of 0*4/8 + 56?
5
Let c(m) = m**3 - 11*m**2 + 13*m + 13. What is the tens digit of c(10)?
4
Let m(h) = -h**2 + 18*h + 3. What is the tens digit of m(12)?
7
Suppose c = 3*t + 118, c + 5*t = -2*c + 340. What is the tens digit of c?
1
What is the units digit of 8/(-20)*-5 - -47?
9
Suppose 198 = -3*m + 4*n, 0 = -0*m + 5*m - 5*n + 325. What is the units digit of 15/(-20) + m/(-8)?
7
Suppose 11*k - 128 - 202 = 0. What is the units digit of k?
0
Let q = 13 - 9. Suppose 0 = -8*i + q*i. Suppose -3*t + 8*t - 5 = i. What is the units digit of t?
1
Let w(q) = -q**3 + 7*q**2 - 3*q + 4. Let r be w(6). Suppose -4*j + 64 = 4*b, -5*j = 3*b - r - 34. What is the tens digit of b?
1
Let q(w) = 8*w**2 - 4*w + 2. What is the tens digit of q(2)?
2
Suppose 2*j - 1 = 5. Suppose -3*u + 3*h - 2*h + 44 = 0, j*u + h = 52. What is the tens digit of u?
1
Let t = -2 + 16. Let w = -10 + t. Suppose 5*n = w*b + 9, -n - 1 + 6 = 0. What is the units digit of b?
4
Let t(p) = 2*p**2 + 6*p - 43. What is the units digit of t(6)?
5
Suppose -6*p + 2*p = -264. Let o = -32 + p. What is the units digit of o?
4
Let g(i) = 2*i**2 + 3*i - 3. Let z(y) = y**3 + 2*y**2 - 3*y + 4. Let x be z(-3). Let t = x + -7. What is the units digit of g(t)?
6
Let g = 41 - -74. What is the tens digit of g?
1
Suppose 2*i = 6 + 4. What is the units digit of i?
5
Let o(v) = -v + 3. Let m be o(5). Let u be ((-1)/3)/(m/12). Suppose -4*k = -3*q + 22, -q - u*k = 7 - 1. What is the units digit of q?
2
Let o(v) = -6*v + 4. Let j be o(-4). Suppose 0*g - 5*g = -20. Suppose 4*a - j = g*c, -5*a + 11 = -4*a + c. What is the units digit of a?
9
Let x = -14 - -18. Suppose -36 = -4*j + x*u, -4*u - 13 = -2*j + 5. What is the units digit of j?
9
Let u = 44 - 42. What is the units digit of u?
2
What is the tens digit of 315/10 + 3 + (-28)/8?
3
Suppose 12 = 4*y - 2*a, -3*y + 5*a + 6 = -y. Suppose y*m - 33 = -2*x - 2*m, 2*x = -3*m + 43. What is the units digit of x?
9
What is the units digit of (-9*95/(-30))/((-1)/(-2))?
7
Let a = 69 + -110. Let c = a + 58. Suppose -5*b + 3 + 8 = -p, c = 3*b + 2*p. What is the units digit of b?
3
Let v = 20 + -9. What is the tens digit of v?
1
Let d = 16 - 22. Let f be (1/2)/((-16)/(-288)). What is the units digit of ((-28)/3)/(d/f)?
4
Let g(l) = l - 7. Let m be g(8). Let i(u) = -u**3 + 1. Let z be i(m). Suppose 3*y + z*y = 30. What is the units digit of y?
0
Let s = 2 + 1. Let r be (s - 7)*(-4 - -2). Suppose -2*h + 24 = r. What is the units digit of h?
8
Let q be (2 + -1)*(0 - -2). Suppose r = 6 + q. What is the units digit of r?
8
Let d be 0/(-2) + 4 + -2. Suppose 15 = 3*x + d*x. What is the units digit of ((-7)/x)/((-5)/30)?
4
Suppose 0 = 4*j + 3*t - 27, 2*j + t - 12 = -t. What is the tens digit of 60/j*3/1?
2
Let o be 1/((-8)/(-6) - 1). Suppose 5*i + 15 = -2*w, 0*i - i - 3 = o*w. Let z = i + 5. What is the units digit of z?
2
Let y = 10 - 17. Let s = y - -40. What is the units digit of s?
3
Let v(i) = i**2 + 6*i + 7. Let h be v(-5). Suppose 3*w = -2*w - h*y - 30, w - 2*y = 6. What is the units digit of (-34)/(-8) - (-1)/w?
4
Let r(d) = 5*d - 16. What is the units digit of r(5)?
9
Let n(t) = 22*t + 3. Let u be n(3). Suppose -4*d - u = -7*d. What is the units digit of d?
3
Let z = -4 - -3. Let j be (-16)/3*(z - 5). What is the units digit of (-1)/3 + j/6?
5
Let c be 1/4 - (-2)/(-8). Suppose c = 5*t - 1 + 11. What is the units digit of 0 + 5 - -2 - t?
9
Let a = 76 + -36. Suppose 2*r - 26 = 3*f - 4*f, a = 4*r - 4*f. What is the tens digit of r?
1
Suppose 2*d = 4*d + 5*k - 45, -k = -5. What is the units digit of d?
0
Let s = -15 - -8. Let g = 16 + s. Suppose 0*u + u - g = 0. What is the units digit of u?
9
Suppose 0 = -3*a + 2*n + 35, 12 - 4 = 4*n. Let w = a + -10. What is the units digit of w?
3
Let u(i) = -4*i + 8. Let k(w) = w - 25. Let q be k(17). What is the units digit of u(q)?
0
Suppose -15 = 3*y, 4*m + 2*y = -2*y + 208. Suppose -3*j + 0*j + 75 = q, -3*q = 2*j - m. What is the tens digit of j?
2
Let c be (4/5)/((-1)/(-10)). Let v = c - 18. What is the units digit of 10/(-3)*24/v?
8
Let t = 0 - -9. Suppose -t = -3*r + 2*r + 3*w, 0 = -3*r - 5*w - 1. Suppose 3*h = r*x - 3, h = -3*x + 3*h + 8. What is the units digit of x?
6
Let r = 6 - 15. Let i = -5 - r. What is the units digit of i?
4
Suppose 5*a + 27 = 4*t, -2*t + 4 = -2. What is the units digit of 1 - (-1 - a) - -12?
1
Suppose -5*g - 6 + 266 = 0. What is the tens digit of g?
5
What is the tens digit of (100 - 0)/((-60)/(-210))?
5
Suppose -4*q - 2 = -5*y - 0, 2*q + 2*y = -10. Let v(r) = -4*r + 2. Let n be v(q). What is the tens digit of (40/n)/((-2)/(-7))?
1
Let q = 17 - -44. What is the units digit of q?
1
Let g be (-54)/(-4) - 5/10. Suppose -42 = -5*w + 2*z, 5*z = -4*w + 5*w - g. What is the units digit of w?
8
Let n(m) = m**2 + 2*m - 2. Let w be n(-3). Suppose 4*u + 5 + 7 = -h, -2*h = -4*u - 36. What is the tens digit of 2*h - (w - -1)?
1
Let b(a) = a + 21. What is the units digit of b(-16)?
5
Suppose 0*j - j = -3. Suppose -3*y + 144 = 2*o + o, 86 = 2*o - j*y. What is the tens digit of o?
4
Let k = -5 - -1. Let u = k - -7. Suppose -11 - 13 = -u*w. What is the units digit of w?
8
Let b(x) = -9*x**2 - x**3 - 7 - 6*x - 7*x + 4*x. Let q be b(-8). What is the units digit of (q - 3)/(2/(-11))?
1
What is the tens digit of 120*4/(0 + 8)?
6
Let k = -17 - -10. Let b(s) = -s. What is the units digit of b(k)?
7
Suppose -i - 414 = -3*i + 2*o, 0 = 3*i + o - 637. What is the hundreds digit of i?
2
Let p = -41 - -62. What is the tens digit of p?
2
Let l = -5 - -10. Suppose -3*t - 42 = -l*t - 4*b, 4*t - 76 = -4*b. What is the tens digit of t?
1
Suppose 5*j + 36 = 2*f, 0 = -4*f - 4*j + 9 + 7. Let i = f + -4. What is the units digit of i?
4
Let v = -221 + 326. What is the tens digit of (v/20)/((-2)/(-8))?
2
Let c = -15 - -9. What is the units digit of ((-3)/c)/((-1)/(-6))?
3
Let t(p) = -p + 2. Let o = 9 + -19. Let w be (-10)/25 - (-36)/o. What is the units digit of t(w)?
6
Let c be 6/9 - (-16)/12. Let q = c + -6. Let s = q + 10. What is the units digit of s?
6
Let h be (0/(-2) + 2)*-3. What is the tens digit of (-15)/(h/8*2)?
1
Suppose -a + 135 = 4*a. What is the units digit of a?
7
Let j = 1 - -67. What is the units digit of j?
8
Let s = 4 + -4. Suppose 0 = -3*r + 4*h - 31, -2*r - 22 = -2*h - s. Let p = 18 + r. What is the units digit of p?
5
Let d(t) = 1. Let h(r) = -2*r - r + 6*r. Let q(w) = -d(w) + h(w). What is the units digit of q(2)?
5
Let t be (-5)/5 - (18 - 1). Let q be t*(-1 + (-15)/9). Suppose -2*g - 5*f = g - 17, -2*g + 4*f = -q. What is the tens digit of g?
1
Let t = 23 - 26. What is the units digit of 1/(t - 146/(-48))?
4
What is the units digit of ((-1012)/6)/(-3 - 35/(-15))?
3
Let k = 7 + -3. Suppose 19 = -2*l + 2*x - x, -4*l - k*x - 20 = 0. What is the tens digit of (-4)/(10/l - -1)?
1
Let f(s) = s**3 - 16*s**2 + s - 51. What is the units digit of f(17)?
5
Suppose 5*n + o + 4*o + 20 = 0, -2*n + o - 8 = 0. Let m = 4 + n. Suppose 0 = -2*i - 3*h + 13, -3*i + 5*i - 4*h - 20 = m. What is the units digit of i?
8
Let s be -21 - (-3)/(0 - 1). Let i = s + 44. What is the units digit of i?
0
Suppose 5*a + 66 = 6*a. Let u = -45 + a. What is the units digit of u?
1
Suppose 0 = t + 5*y - 54, -2*y + 17 = t - 31. What is the tens digit of t?
4
Suppose 4*h = -3*m - 23, 11 = -4*m + 5*h - 30. What is the tens digit of 18/(m/(-24)*4)?
1
Suppose 2*p - 15 = 5*r, -3*p - 3*r = -6*r - 18. Suppose 0 = -p*y + u + 15, -3*y + 3*u + 2 = u. 